{"id":144,"date":"2019-05-31T16:25:38","date_gmt":"2019-05-31T19:25:38","guid":{"rendered":"https:\/\/www.unifan.edu.br\/unifan\/aparecida\/?page_id=144"},"modified":"2025-02-27T14:52:21","modified_gmt":"2025-02-27T17:52:21","slug":"ciencias-contabeis","status":"publish","type":"page","link":"https:\/\/www.unifan.edu.br\/unifan\/aparecida\/cursos\/graduacao\/ciencias-contabeis\/","title":{"rendered":"Ci\u00eancias Cont\u00e1beis"},"content":{"rendered":"\n<figure class=\"wp-block-image size-large\"><img loading=\"lazy\" decoding=\"async\" width=\"1024\" height=\"459\" src=\"https:\/\/www.unifan.edu.br\/unifan\/aparecida\/wp-content\/uploads\/sites\/2\/2024\/02\/Banner-Cursos-Site-Novoscienc-contabeis-1024x459.jpg\" alt=\"\" class=\"wp-image-8691\" srcset=\"https:\/\/www.unifan.edu.br\/unifan\/aparecida\/wp-content\/uploads\/sites\/2\/2024\/02\/Banner-Cursos-Site-Novoscienc-contabeis-1024x459.jpg 1024w, https:\/\/www.unifan.edu.br\/unifan\/aparecida\/wp-content\/uploads\/sites\/2\/2024\/02\/Banner-Cursos-Site-Novoscienc-contabeis-300x134.jpg 300w, https:\/\/www.unifan.edu.br\/unifan\/aparecida\/wp-content\/uploads\/sites\/2\/2024\/02\/Banner-Cursos-Site-Novoscienc-contabeis-768x344.jpg 768w, https:\/\/www.unifan.edu.br\/unifan\/aparecida\/wp-content\/uploads\/sites\/2\/2024\/02\/Banner-Cursos-Site-Novoscienc-contabeis.jpg 1426w\" sizes=\"auto, (max-width: 1024px) 100vw, 1024px\" \/><\/figure>\n\n\n\n<p><strong>O Curso<\/strong><\/p>\n\n\n\n<p><strong>Situa\u00e7\u00e3o Legal<\/strong><\/p>\n\n\n\n<p>      Renova\u00e7\u00e3o de Reconhecimento pela Portaria SERES n\u00ba. 384, de 13\/08\/2024, publicada no DOU em 14\/08\/2024.<\/p>\n\n\n\n<p><strong>Miss\u00e3o do Curso<br><\/strong>&nbsp;&nbsp;&nbsp;&nbsp;&nbsp;&nbsp;Qualificar o estudante de Ci\u00eancias Cont\u00e1beis,&nbsp;por meio do desenvolvimento de habilidades te\u00f3ricas, conceituais, anal\u00edticas, pr\u00e1ticas e human\u00edsticas,&nbsp;para o exerc\u00edcio de atividades de planejamento, elabora\u00e7\u00e3o, an\u00e1lises demonstrativas, relat\u00f3rios cont\u00e1beis, assessorias, auditorias, consultorias e tomadas de decis\u00f5es nos processos de gest\u00e3o.&nbsp;<\/p>\n\n\n\n<p><strong>Mercado de Trabalho<\/strong><\/p>\n\n\n\n<p>&nbsp;&nbsp;&nbsp;&nbsp;&nbsp;&nbsp;&nbsp;&nbsp;O bacharel em Ci\u00eancias Cont\u00e1beis, ap\u00f3s credenciamento, atua a servi\u00e7o de pessoas f\u00edsicas e jur\u00eddicas, em institui\u00e7\u00f5es instaladas nas grandes \u00e1reas da ind\u00fastria, com\u00e9rcio, educa\u00e7\u00e3o, sa\u00fade, seguran\u00e7a, meio ambiente, agricultura, turismo, servi\u00e7os da administra\u00e7\u00e3o p\u00fablica, pesquisas e doc\u00eancia.<\/p>\n\n\n\n<div class=\"form-group\">\n\n<a href=\"https:\/\/www.unifan.edu.br\/unifan\/aparecida\/wp-content\/uploads\/sites\/2\/2024\/05\/Matriz-Curricular-CIENCIAS-CONTABEIS-2024.pdf\" class=\"btn btn-primary\">Matriz\n<\/a>\n\n\n<a class=\"btn btn-success\" href=\"https:\/\/vestibularaparecida.unifan.edu.br\/Default.aspx?vestibular=agendado\">Vestibular Agendado\n<\/a>\n\n<\/div>\n","protected":false},"excerpt":{"rendered":"<p>O Curso Situa\u00e7\u00e3o Legal Renova\u00e7\u00e3o de Reconhecimento pela Portaria SERES n\u00ba. 384, de 13\/08\/2024, publicada no DOU em 14\/08\/2024. Miss\u00e3o do Curso&nbsp;&nbsp;&nbsp;&nbsp;&nbsp;&nbsp;Qualificar o estudante de&hellip;<\/p>\n","protected":false},"author":1,"featured_media":4037,"parent":52,"menu_order":0,"comment_status":"closed","ping_status":"closed","template":"","meta":{"_acf_changed":false,"footnotes":""},"class_list":["post-144","page","type-page","status-publish","has-post-thumbnail","hentry"],"acf":[],"_links":{"self":[{"href":"https:\/\/www.unifan.edu.br\/unifan\/aparecida\/wp-json\/wp\/v2\/pages\/144","targetHints":{"allow":["GET"]}}],"collection":[{"href":"https:\/\/www.unifan.edu.br\/unifan\/aparecida\/wp-json\/wp\/v2\/pages"}],"about":[{"href":"https:\/\/www.unifan.edu.br\/unifan\/aparecida\/wp-json\/wp\/v2\/types\/page"}],"author":[{"embeddable":true,"href":"https:\/\/www.unifan.edu.br\/unifan\/aparecida\/wp-json\/wp\/v2\/users\/1"}],"replies":[{"embeddable":true,"href":"https:\/\/www.unifan.edu.br\/unifan\/aparecida\/wp-json\/wp\/v2\/comments?post=144"}],"version-history":[{"count":15,"href":"https:\/\/www.unifan.edu.br\/unifan\/aparecida\/wp-json\/wp\/v2\/pages\/144\/revisions"}],"predecessor-version":[{"id":10564,"href":"https:\/\/www.unifan.edu.br\/unifan\/aparecida\/wp-json\/wp\/v2\/pages\/144\/revisions\/10564"}],"up":[{"embeddable":true,"href":"https:\/\/www.unifan.edu.br\/unifan\/aparecida\/wp-json\/wp\/v2\/pages\/52"}],"wp:featuredmedia":[{"embeddable":true,"href":"https:\/\/www.unifan.edu.br\/unifan\/aparecida\/wp-json\/wp\/v2\/media\/4037"}],"wp:attachment":[{"href":"https:\/\/www.unifan.edu.br\/unifan\/aparecida\/wp-json\/wp\/v2\/media?parent=144"}],"curies":[{"name":"wp","href":"https:\/\/api.w.org\/{rel}","templated":true}]}}