{"id":169,"date":"2019-06-03T18:01:13","date_gmt":"2019-06-03T21:01:13","guid":{"rendered":"https:\/\/www.unifan.edu.br\/unifan\/aparecida\/?page_id=169"},"modified":"2025-06-25T09:01:59","modified_gmt":"2025-06-25T12:01:59","slug":"enfermagem","status":"publish","type":"page","link":"https:\/\/www.unifan.edu.br\/unifan\/aparecida\/cursos\/graduacao\/enfermagem\/","title":{"rendered":"Enfermagem"},"content":{"rendered":"\n<figure class=\"wp-block-image size-large\"><img loading=\"lazy\" decoding=\"async\" width=\"1024\" height=\"459\" src=\"https:\/\/www.unifan.edu.br\/unifan\/aparecida\/wp-content\/uploads\/sites\/2\/2024\/02\/Banner-Cursos-Site-Novosenfermagem-1024x459.jpg\" alt=\"\" class=\"wp-image-8695\" srcset=\"https:\/\/www.unifan.edu.br\/unifan\/aparecida\/wp-content\/uploads\/sites\/2\/2024\/02\/Banner-Cursos-Site-Novosenfermagem-1024x459.jpg 1024w, https:\/\/www.unifan.edu.br\/unifan\/aparecida\/wp-content\/uploads\/sites\/2\/2024\/02\/Banner-Cursos-Site-Novosenfermagem-300x134.jpg 300w, https:\/\/www.unifan.edu.br\/unifan\/aparecida\/wp-content\/uploads\/sites\/2\/2024\/02\/Banner-Cursos-Site-Novosenfermagem-768x344.jpg 768w, https:\/\/www.unifan.edu.br\/unifan\/aparecida\/wp-content\/uploads\/sites\/2\/2024\/02\/Banner-Cursos-Site-Novosenfermagem.jpg 1426w\" sizes=\"auto, (max-width: 1024px) 100vw, 1024px\" \/><\/figure>\n\n\n\n<p><strong>O Curso<\/strong><\/p>\n\n\n\n<p><strong>Situa\u00e7\u00e3o Legal<\/strong><\/p>\n\n\n\n<p>Renova\u00e7\u00e3o de Reconhecimento pela Portaria SERES n\u00ba. 109, de 04\/02\/2021, publicada no DOU em 05\/02\/2021.<\/p>\n\n\n\n<p><strong>Miss\u00e3o do curso<\/strong><\/p>\n\n\n\n<p>Qualificar o estudante de Enfermagem,&nbsp;por meio do desenvolvimento de habilidades te\u00f3ricas, conceituais, anal\u00edticas, pr\u00e1ticas e human\u00edsticas,&nbsp;para presta\u00e7\u00e3o de assist\u00eancia integral sistematizada, exerc\u00edcio das fun\u00e7\u00f5es de promo\u00e7\u00e3o e manuten\u00e7\u00e3o da sa\u00fade, preven\u00e7\u00e3o, reabilita\u00e7\u00e3o e tratamento de doen\u00e7a\/enfermidade, no contexto das necessidades do ser humano.<\/p>\n\n\n\n<p><strong>Mercado de trabalho<\/strong><\/p>\n\n\n\n<p>O bacharel em Enfermagem atua em diferentes servi\u00e7os de sa\u00fade e assist\u00eancia, tais como unidades de sa\u00fade, empresas, servi\u00e7os de auditoria, institui\u00e7\u00f5es de ensino, centros de apoio a idosos, ber\u00e7\u00e1rios, servi\u00e7os de enfermagem domiciliar, esteriliza\u00e7\u00e3o de materiais, revendedoras de produtos m\u00e9dico-hospitalares, cl\u00ednicas de est\u00e9tica, etc.<\/p>\n\n\n\n<p><a href=\"https:\/\/www.unifan.edu.br\/unifan\/aparecida\/wp-content\/uploads\/sites\/2\/2025\/06\/Resultado-processo-seletivo-2025_MARCA-Unifan.pdf\">MOBILIDADE DISCENTE INTERNACIONAL &#8211; RESULTADO<\/a><\/p>\n\n\n\n<p><a href=\"https:\/\/www.unifan.edu.br\/unifan\/aparecida\/wp-content\/uploads\/sites\/2\/2025\/05\/Edital-MARCA-Unifan_selecao-de-alunos.pdf\">EDITAL PARA MOBILIDADE ACAD\u00caMICA INTERNACIONAL<\/a><\/p>\n\n\n\n<p><a href=\"https:\/\/www.unifan.edu.br\/unifan\/aparecida\/wp-content\/uploads\/sites\/2\/2025\/06\/1o-Termo-Aditivo-Edital-MARCA-Unifan_selecao-de-alunos.pdf\">1\u00ba TERMO ADITIVO &#8211; EDITAL MARCA UNIFAN &#8211; SELE\u00c7\u00c3O DE ALUNOS<\/a><\/p>\n\n\n\n<div class=\"form-group\">\n\n<a href=\"https:\/\/www.unifan.edu.br\/unifan\/aparecida\/wp-content\/uploads\/sites\/2\/2024\/02\/Matriz-Enfermagem.pdf\" class=\"btn btn-primary\">Matriz\n<\/a>\n\n\n<a class=\"btn btn-success\" href=\"https:\/\/vestibularaparecida.unifan.edu.br\/Default.aspx?vestibular=agendado\">Vestibular Agendado\n<\/a>\n\n<\/div>\n","protected":false},"excerpt":{"rendered":"<p>O Curso Situa\u00e7\u00e3o Legal Renova\u00e7\u00e3o de Reconhecimento pela Portaria SERES n\u00ba. 109, de 04\/02\/2021, publicada no DOU em 05\/02\/2021. Miss\u00e3o do curso Qualificar o estudante&hellip;<\/p>\n","protected":false},"author":1,"featured_media":4039,"parent":52,"menu_order":0,"comment_status":"closed","ping_status":"closed","template":"","meta":{"_acf_changed":false,"footnotes":""},"class_list":["post-169","page","type-page","status-publish","has-post-thumbnail","hentry"],"acf":[],"_links":{"self":[{"href":"https:\/\/www.unifan.edu.br\/unifan\/aparecida\/wp-json\/wp\/v2\/pages\/169","targetHints":{"allow":["GET"]}}],"collection":[{"href":"https:\/\/www.unifan.edu.br\/unifan\/aparecida\/wp-json\/wp\/v2\/pages"}],"about":[{"href":"https:\/\/www.unifan.edu.br\/unifan\/aparecida\/wp-json\/wp\/v2\/types\/page"}],"author":[{"embeddable":true,"href":"https:\/\/www.unifan.edu.br\/unifan\/aparecida\/wp-json\/wp\/v2\/users\/1"}],"replies":[{"embeddable":true,"href":"https:\/\/www.unifan.edu.br\/unifan\/aparecida\/wp-json\/wp\/v2\/comments?post=169"}],"version-history":[{"count":18,"href":"https:\/\/www.unifan.edu.br\/unifan\/aparecida\/wp-json\/wp\/v2\/pages\/169\/revisions"}],"predecessor-version":[{"id":11404,"href":"https:\/\/www.unifan.edu.br\/unifan\/aparecida\/wp-json\/wp\/v2\/pages\/169\/revisions\/11404"}],"up":[{"embeddable":true,"href":"https:\/\/www.unifan.edu.br\/unifan\/aparecida\/wp-json\/wp\/v2\/pages\/52"}],"wp:featuredmedia":[{"embeddable":true,"href":"https:\/\/www.unifan.edu.br\/unifan\/aparecida\/wp-json\/wp\/v2\/media\/4039"}],"wp:attachment":[{"href":"https:\/\/www.unifan.edu.br\/unifan\/aparecida\/wp-json\/wp\/v2\/media?parent=169"}],"curies":[{"name":"wp","href":"https:\/\/api.w.org\/{rel}","templated":true}]}}