{"id":418,"date":"2019-08-07T15:20:58","date_gmt":"2019-08-07T18:20:58","guid":{"rendered":"https:\/\/www.unifan.edu.br\/unifan\/aparecida\/?page_id=418"},"modified":"2025-06-18T14:50:12","modified_gmt":"2025-06-18T17:50:12","slug":"418-2","status":"publish","type":"page","link":"https:\/\/www.unifan.edu.br\/unifan\/aparecida\/418-2\/","title":{"rendered":"Pesquisa"},"content":{"rendered":"\n<p class=\"has-text-align-center\"><strong>14\u00ba PESQUISAR &#8211; CONGRESSO INTERDISCIPLINAR DE PRODU\u00c7\u00c3O CIENT\u00cdFICA<\/strong><\/p>\n\n\n\n<figure class=\"wp-block-gallery aligncenter has-nested-images columns-default is-cropped wp-block-gallery-1 is-layout-flex wp-block-gallery-is-layout-flex\">\n<figure class=\"wp-block-image size-large\"><img decoding=\"async\" src=\"https:\/\/www.unifan.edu.br\/unifan\/aparecida\/wp-content\/uploads\/sites\/2\/2025\/06\/14PESQUISAR-05.png\" alt=\"\"\/><\/figure>\n<\/figure>\n\n\n\n<p class=\"has-text-align-center\"><strong><a href=\"https:\/\/www.unifan.edu.br\/unifan\/aparecida\/418-2\/pesquisar\/14o-pesquisar-2025\/\" data-type=\"URL\" data-id=\"https:\/\/www.unifan.edu.br\/unifan\/aparecida\/?page_id=7661\">Acesse aqui<\/a><\/strong><\/p>\n","protected":false},"excerpt":{"rendered":"<p>14\u00ba PESQUISAR &#8211; CONGRESSO INTERDISCIPLINAR DE PRODU\u00c7\u00c3O CIENT\u00cdFICA Acesse aqui<\/p>\n","protected":false},"author":4,"featured_media":0,"parent":0,"menu_order":0,"comment_status":"closed","ping_status":"closed","template":"template-pagina-pai.php","meta":{"_acf_changed":false,"footnotes":""},"class_list":["post-418","page","type-page","status-publish","hentry"],"acf":[],"_links":{"self":[{"href":"https:\/\/www.unifan.edu.br\/unifan\/aparecida\/wp-json\/wp\/v2\/pages\/418","targetHints":{"allow":["GET"]}}],"collection":[{"href":"https:\/\/www.unifan.edu.br\/unifan\/aparecida\/wp-json\/wp\/v2\/pages"}],"about":[{"href":"https:\/\/www.unifan.edu.br\/unifan\/aparecida\/wp-json\/wp\/v2\/types\/page"}],"author":[{"embeddable":true,"href":"https:\/\/www.unifan.edu.br\/unifan\/aparecida\/wp-json\/wp\/v2\/users\/4"}],"replies":[{"embeddable":true,"href":"https:\/\/www.unifan.edu.br\/unifan\/aparecida\/wp-json\/wp\/v2\/comments?post=418"}],"version-history":[{"count":24,"href":"https:\/\/www.unifan.edu.br\/unifan\/aparecida\/wp-json\/wp\/v2\/pages\/418\/revisions"}],"predecessor-version":[{"id":11371,"href":"https:\/\/www.unifan.edu.br\/unifan\/aparecida\/wp-json\/wp\/v2\/pages\/418\/revisions\/11371"}],"wp:attachment":[{"href":"https:\/\/www.unifan.edu.br\/unifan\/aparecida\/wp-json\/wp\/v2\/media?parent=418"}],"curies":[{"name":"wp","href":"https:\/\/api.w.org\/{rel}","templated":true}]}}