{"id":93,"date":"2019-05-23T13:48:37","date_gmt":"2019-05-23T16:48:37","guid":{"rendered":"https:\/\/www.unifan.edu.br\/unifan\/aparecida\/?page_id=93"},"modified":"2022-02-01T18:10:54","modified_gmt":"2022-02-01T21:10:54","slug":"contato","status":"publish","type":"page","link":"https:\/\/www.unifan.edu.br\/unifan\/aparecida\/contato\/","title":{"rendered":"Contato"},"content":{"rendered":"\n<div class=\"wpcf7 no-js\" id=\"wpcf7-f100-o1\" lang=\"pt-BR\" dir=\"ltr\" data-wpcf7-id=\"100\">\n<div class=\"screen-reader-response\"><p role=\"status\" aria-live=\"polite\" aria-atomic=\"true\"><\/p> <ul><\/ul><\/div>\n<form action=\"\/unifan\/aparecida\/wp-json\/wp\/v2\/pages\/93#wpcf7-f100-o1\" method=\"post\" class=\"wpcf7-form init\" aria-label=\"Formul\u00e1rios de contato\" novalidate=\"novalidate\" data-status=\"init\">\n<fieldset class=\"hidden-fields-container\"><input type=\"hidden\" name=\"_wpcf7\" value=\"100\" \/><input type=\"hidden\" name=\"_wpcf7_version\" value=\"6.1.1\" \/><input type=\"hidden\" name=\"_wpcf7_locale\" value=\"pt_BR\" \/><input type=\"hidden\" name=\"_wpcf7_unit_tag\" value=\"wpcf7-f100-o1\" \/><input type=\"hidden\" name=\"_wpcf7_container_post\" value=\"0\" \/><input type=\"hidden\" name=\"_wpcf7_posted_data_hash\" value=\"\" \/>\n<\/fieldset>\n<div class=\"form-group\">\n\t<p><label for=\"exampleInputEmail1\">Nome<\/label><br \/>\n<span class=\"wpcf7-form-control-wrap\" data-name=\"nome\"><input size=\"40\" maxlength=\"400\" class=\"wpcf7-form-control wpcf7-text wpcf7-validates-as-required form-control\" aria-required=\"true\" aria-invalid=\"false\" value=\"\" type=\"text\" name=\"nome\" \/><\/span>\n\t<\/p>\n<\/div>\n<div class=\"form-group\">\n\t<p><label for=\"exampleInputPassword1\">Email<\/label><br \/>\n<span class=\"wpcf7-form-control-wrap\" data-name=\"email\"><input size=\"40\" maxlength=\"400\" class=\"wpcf7-form-control wpcf7-email wpcf7-validates-as-required wpcf7-text wpcf7-validates-as-email form-control\" aria-required=\"true\" aria-invalid=\"false\" value=\"\" type=\"email\" name=\"email\" \/><\/span>\n\t<\/p>\n<\/div>\n<div class=\"form-group\">\n\t<p><label for=\"exampleInputPassword1\">Telefone<\/label><br \/>\n<span class=\"wpcf7-form-control-wrap\" data-name=\"telefone\"><input size=\"40\" maxlength=\"400\" class=\"wpcf7-form-control wpcf7-text wpcf7-validates-as-required form-control\" aria-required=\"true\" aria-invalid=\"false\" value=\"\" type=\"text\" name=\"telefone\" \/><\/span>\n\t<\/p>\n<\/div>\n<div class=\"form-group\">\n\t<p><label>Departamento<\/label>\n\t<\/p>\n\t<p><span class=\"wpcf7-form-control-wrap\" data-name=\"departamento\"><select class=\"wpcf7-form-control wpcf7-select wpcf7-validates-as-required form-control\" aria-required=\"true\" aria-invalid=\"false\" name=\"departamento\"><option value=\"\"><\/option><option value=\"ATENDIMENTO AOS DISCENTES\">ATENDIMENTO AOS DISCENTES<\/option><option value=\"ASSESSORIA DE COMUNICA\u00c7\u00c3O\">ASSESSORIA DE COMUNICA\u00c7\u00c3O<\/option><option value=\"BIBLIOTECA\">BIBLIOTECA<\/option><option value=\"CONTROLADORIA\">CONTROLADORIA<\/option><option value=\"COORDENA&#199;&#195;O DE EVENTOS\">COORDENA&#199;&#195;O DE EVENTOS<\/option><option value=\"COORDENA&#199;&#195;O DE EXTENS&#195;O\">COORDENA&#199;&#195;O DE EXTENS&#195;O<\/option><option value=\"COORDENA&#199;&#195;O DE PESQUISA\">COORDENA&#199;&#195;O DE PESQUISA<\/option><option value=\"COORDENA&#199;&#195;O DE P&#211;S-GRADUA&#199;&#195;O\">COORDENA&#199;&#195;O DE P&#211;S-GRADUA&#199;&#195;O<\/option><option value=\"COORDENACAO DO INSTITUTO DE CIENCIAS DA SAUDE\">COORDENACAO DO INSTITUTO DE CIENCIAS DA SAUDE<\/option><option value=\"COORDENACAO DO INSTITUTO DE CIENCIAS SOCIAIS APLICADAS\">COORDENACAO DO INSTITUTO DE CIENCIAS SOCIAIS APLICADAS<\/option><option value=\"COORDENACAO DO INSTITUTO SUPERIOR DE EDUCACAO\">COORDENACAO DO INSTITUTO SUPERIOR DE EDUCACAO<\/option><option value=\"COORDENACAO DO NUCLEO DE PRATICAS JURIDICAS\">COORDENACAO DO NUCLEO DE PRATICAS JURIDICAS<\/option><option value=\"CPA - COMISS&#195;O PERMANENTE DE AVALIA&#199;&#195;O\">CPA - COMISS&#195;O PERMANENTE DE AVALIA&#199;&#195;O<\/option><option value=\"DCE - DIRET&#211;RIO CENTRAL DOS ESTUDANTES\">DCE - DIRET&#211;RIO CENTRAL DOS ESTUDANTES<\/option><option value=\"DEPARTAMENTO JUR&#205;DICO\">DEPARTAMENTO JUR&#205;DICO<\/option><option value=\"DESIGNER\">DESIGNER<\/option><option value=\"DIRETORIA ACAD&#202;MICA\">DIRETORIA ACAD&#202;MICA<\/option><option value=\"DIRETORIA DE DESENVOLVIMENTO\">DIRETORIA DE DESENVOLVIMENTO<\/option><option value=\"DIRETORIA DE RELA&#199;&#213;ES INSTITUCIONAIS\">DIRETORIA DE RELA&#199;&#213;ES INSTITUCIONAIS<\/option><option value=\"DIRETORIA GERAL\">DIRETORIA GERAL<\/option><option value=\"ESTOQUE\">ESTOQUE<\/option><option value=\"GER&#202;NCIA ADMINISTRATIVA\">GER&#202;NCIA ADMINISTRATIVA<\/option><option value=\"GER&#202;NCIA DE CONTABILIDADE\">GER&#202;NCIA DE CONTABILIDADE<\/option><option value=\"GER&#202;NCIA DE RECURSOS HUMANOS\">GER&#202;NCIA DE RECURSOS HUMANOS<\/option><option value=\"GERENCIA FINANCEIRA\">GERENCIA FINANCEIRA<\/option><option value=\"ICJ - INSTITUTO DE CI&#202;NCIAS JUR&#205;DICAS\">ICJ - INSTITUTO DE CI&#202;NCIAS JUR&#205;DICAS<\/option><option value=\"MEDICINA\">MEDICINA<\/option><option value=\"NATPSI - N&#218;CLEO DE APOIO TERAP&#202;UTICO E PSICOPEDAG&#211;GICO\">NATPSI - N&#218;CLEO DE APOIO TERAP&#202;UTICO E PSICOPEDAG&#211;GICO<\/option><option value=\"OUVIDORIA\">OUVIDORIA<\/option><option value=\"SECRETARIA ACADEMICA\">SECRETARIA ACADEMICA<\/option><option value=\"SECRETARIA DA ESCOLA\">SECRETARIA DA ESCOLA<\/option><option value=\"VESTIBULAR\">VESTIBULAR<\/option><\/select><\/span>\n\t<\/p>\n<\/div>\n<div class=\"form-group\">\n\t<p><label for=\"exampleInputPassword1\">Mensagem<\/label><br \/>\n<span class=\"wpcf7-form-control-wrap\" data-name=\"mensagem\"><textarea cols=\"40\" rows=\"10\" maxlength=\"2000\" class=\"wpcf7-form-control wpcf7-textarea wpcf7-validates-as-required form-control\" aria-required=\"true\" aria-invalid=\"false\" name=\"mensagem\"><\/textarea><\/span>\n\t<\/p>\n<\/div>\n<p><input class=\"wpcf7-form-control wpcf7-submit has-spinner btn btn-primary\" id=\"form-submit\" type=\"submit\" value=\"Enviar Formul\u00e1rio\" \/>\n<\/p>\n\n\n\n\n\n<p style=\"display: none !important;\" class=\"akismet-fields-container\" data-prefix=\"_wpcf7_ak_\"><label>&#916;<textarea name=\"_wpcf7_ak_hp_textarea\" cols=\"45\" rows=\"8\" maxlength=\"100\"><\/textarea><\/label><input type=\"hidden\" id=\"ak_js_1\" name=\"_wpcf7_ak_js\" value=\"144\"\/><script>document.getElementById( \"ak_js_1\" ).setAttribute( \"value\", ( new Date() ).getTime() );<\/script><\/p><div class=\"wpcf7-response-output\" aria-hidden=\"true\"><\/div>\n<\/form>\n<\/div>\n\n\n\n\n<h2 class=\"wp-block-heading\" id=\"telefones\">Telefones<\/h2>\n\n\n\n<table class=\"table table-striped\">\n<tbody><tr>\n<th>Departamento<\/th>\n<th>Telefone<\/th>\n<th>Ramal<\/th>\n<\/tr>\n<tr>\n<td>Atendimento ao Aluno<\/td>\n<td>(62)3094-9231<\/td>\n<td>231<\/td>\n<\/tr>\n<tr>\n<td>Atendimento ao Aluno<\/td>\n<td>(62)3094-9745<\/td>\n<td>745<\/td>\n<\/tr>\n<tr>\n<td>Atendimento ao Aluno<\/td>\n<td>(62)3094-9740<\/td>\n<td>740<\/td>\n<\/tr>\n<tr>\n<td>Atendimento ao Aluno<\/td>\n<td>(62)3094-9742<\/td>\n<td>742<\/td>\n<\/tr>\n<tr>\n<td>Atendimento ao Aluno<\/td>\n<td>(62)3094-9744<\/td>\n<td>744<\/td>\n<\/tr>\n<tr>\n<td>Atendimento ao Aluno<\/td>\n<td>(62)3094-9746<\/td>\n<td>746<\/td>\n<\/tr>\n<tr>\n<td>Atendimento ao Aluno<\/td>\n<td>(62)3094-9732<\/td>\n<td>732<\/td>\n<\/tr>\n<tr>\n<td>Biblioteca<\/td>\n<td>(62)3094-9735<\/td>\n<td>735<\/td>\n<\/tr>\n\n<tr>\n<td>Coordena\u00e7\u00e3o do Col\u00e9gio<\/td>\n<td>(62)3094-9703<\/td>\n<td>703<\/td>\n<\/tr>\n\n<tr>\n<td>Secretaria do Col\u00e9gio<\/td>\n<td>(62)3094-9704<\/td>\n<td>704<\/td>\n<\/tr>\n<tr>\n<td>Dep.Jur\u00eddico<\/td>\n<td>(62)3094-9788<\/td>\n<td>788<\/td>\n<\/tr>\n<tr>\n<td>Sistema<\/td>\n<td>(62)3094-9727<\/td>\n<td>727<\/td>\n<\/tr>\n<tr>\n<td>Pr\u00f3-Reitoria Acad\u00eamica<\/td>\n<td>(62)3094-9741<\/td>\n<td>741<\/td>\n<\/tr>\n<tr>\n<td>Controladoria<\/td>\n<td>(62)3094-9764<\/td>\n<td>764<\/td>\n<\/tr>\n<tr>\n<td>Marketing<\/td>\n<td>(62)3094-9726<\/td>\n<td>726<\/td>\n<\/tr>\n<tr>\n<td>Portaria\/Recep\u00e7\u00e3o<\/td>\n<td>(62)3094-9711<\/td>\n<td>711<\/td>\n<\/tr>\n<tr>\n<td>Ascom<\/td>\n<td>(62)3094-9710<\/td>\n<td>710<\/td>\n<\/tr>\n<tr>\n<td>Financeiro<\/td>\n<td>(62)3094-9721<\/td>\n<td>721<\/td>\n<\/tr>\n<tr>\n<td>Financeiro<\/td>\n<td>(62)3094-9734<\/td>\n<td>734<\/td>\n<\/tr>\n<tr>\n<td>Financeiro<\/td>\n<td>(62)3094-9724<\/td>\n<td>724<\/td>\n<\/tr>\n<tr>\n<td>Financeiro<\/td>\n<td>(62)3094-9723<\/td>\n<td>723<\/td>\n<\/tr>\n<tr>\n<td>Pr\u00f3-Reitoria de Desenvolvimento<\/td>\n<td>(62)3094-9719<\/td>\n<td>719<\/td>\n<\/tr>\n<tr>\n<td>Ger. Administrativa<\/td>\n<td>(62)3094-9705<\/td>\n<td>705<\/td>\n<\/tr>\n<tr>\n<td>I.C.J Inst. Coord. Jur\u00eddica<\/td>\n<td>(62)3094-9752<\/td>\n<td>752<\/td>\n<\/tr>\n<tr>\n<td>I.C.S Inst. Ci\u00eancias da Sa\u00fade<\/td>\n<td>(62)3094-9755<\/td>\n<td>755<\/td>\n<\/tr>\n<tr>\n<td>I.C.S &#8211; Estagio<\/td>\n<td>(62)3094-9754<\/td>\n<td>754<\/td>\n<\/tr>\n<tr>\n<td>Telemarketing<\/td>\n<td>(62)3094-9799<\/td>\n<td>799<\/td>\n<\/tr>\n<tr>\n<td>I.C.S.A<\/td>\n<td>(62)3094-9770<\/td>\n<td>770<\/td>\n<\/tr>\n<tr>\n<td>I.S.E &#8211; Inst. Sup. de Educa\u00e7\u00e3o<\/td>\n<td>(62)3094-9750<\/td>\n<td>750<\/td>\n<\/tr>\n<tr>\n<td>N.I.G\/C.P.D<\/td>\n<td>(62)3094-9777<\/td>\n<td>777<\/td>\n<\/tr>\n<tr>\n<td>N\u00facleo de Pratica Jur\u00eddica<\/td>\n<td>(62)3094-9767<\/td>\n<td>767<\/td>\n<\/tr>\n<tr>\n<td>NATPSI<\/td>\n<td>(62)3094-9761<\/td>\n<td>761<\/td>\n<\/tr>\n<tr>\n<td>Central de Atend. ao Aluno<\/td>\n<td>(62)3094-9740<\/td>\n<td>740<\/td>\n<\/tr>\n<tr>\n<td>Secret. Presidencial<\/td>\n<td>(62)3094-9717<\/td>\n<td>717<\/td>\n<\/tr>\n<tr>\n<td>Secretaria da Unifan<\/td>\n<td>(62)3094-9730<\/td>\n<td>730<\/td>\n<\/tr>\n<tr>\n<td>Secretaria da Unifan<\/td>\n<td>(62)3094-9720<\/td>\n<td>720<\/td>\n<\/tr>\n<tr>\n<td>Secretaria da Unifan<\/td>\n<td>(62)3094-9738<\/td>\n<td>738<\/td>\n<\/tr>\n<tr>\n<td>Secretaria da Unifan<\/td>\n<td>(62)3094-9753<\/td>\n<td>753<\/td>\n<\/tr>\n<tr>\n<td>Expedi\u00e7\u00e3o de Diploma<\/td>\n<td>(62)3094-9709<\/td>\n<td>709<\/td>\n<\/tr>\n<tr>\n<td>Coordena\u00e7\u00e3o de Medicina<\/td>\n<td>(62)3094-9762<\/td>\n<td>762<\/td>\n<\/tr>\n<tr>\n<td>Servi\u00e7os Gerais<\/td>\n<td>(62)3094-9766<\/td>\n<td>766<\/td>\n<\/tr>\n<tr>\n<td>Coord. P\u00f3s &#8211; Gradu\u00e7\u00e3o<\/td>\n<td>(62)3094-9712<\/td>\n<td>712<\/td>\n<\/tr>\n\n<tr>\n<td>Centro de Especialidades &#8221;CLISMED&#8221;<\/td>\n<td>(62)3094-9815<\/td>\n<td>815<\/td>\n<\/tr>\n\n<tr>\n<td>Tesouraria<\/td>\n<td>(62)3094-9706<\/td>\n<td>706<\/td>\n<\/tr>\n\n<tr>\n<td>Centro de Estudo<\/td>\n<td>(62)3094-9826<\/td>\n<td>826<\/td>\n<\/tr>\n<\/tbody><\/table>\n\n\n\n<p><\/p>\n","protected":false},"excerpt":{"rendered":"<p>Telefones Departamento Telefone Ramal Atendimento ao Aluno (62)3094-9231 231 Atendimento ao Aluno (62)3094-9745 745 Atendimento ao Aluno (62)3094-9740 740 Atendimento ao Aluno (62)3094-9742 742 Atendimento&hellip;<\/p>\n","protected":false},"author":1,"featured_media":0,"parent":0,"menu_order":0,"comment_status":"closed","ping_status":"closed","template":"","meta":{"_acf_changed":false,"footnotes":""},"class_list":["post-93","page","type-page","status-publish","hentry"],"acf":[],"_links":{"self":[{"href":"https:\/\/www.unifan.edu.br\/unifan\/aparecida\/wp-json\/wp\/v2\/pages\/93","targetHints":{"allow":["GET"]}}],"collection":[{"href":"https:\/\/www.unifan.edu.br\/unifan\/aparecida\/wp-json\/wp\/v2\/pages"}],"about":[{"href":"https:\/\/www.unifan.edu.br\/unifan\/aparecida\/wp-json\/wp\/v2\/types\/page"}],"author":[{"embeddable":true,"href":"https:\/\/www.unifan.edu.br\/unifan\/aparecida\/wp-json\/wp\/v2\/users\/1"}],"replies":[{"embeddable":true,"href":"https:\/\/www.unifan.edu.br\/unifan\/aparecida\/wp-json\/wp\/v2\/comments?post=93"}],"version-history":[{"count":49,"href":"https:\/\/www.unifan.edu.br\/unifan\/aparecida\/wp-json\/wp\/v2\/pages\/93\/revisions"}],"predecessor-version":[{"id":5111,"href":"https:\/\/www.unifan.edu.br\/unifan\/aparecida\/wp-json\/wp\/v2\/pages\/93\/revisions\/5111"}],"wp:attachment":[{"href":"https:\/\/www.unifan.edu.br\/unifan\/aparecida\/wp-json\/wp\/v2\/media?parent=93"}],"curies":[{"name":"wp","href":"https:\/\/api.w.org\/{rel}","templated":true}]}}