{"id":159,"date":"2021-05-03T16:53:03","date_gmt":"2021-05-03T19:53:03","guid":{"rendered":"https:\/\/www.unifan.edu.br\/unifan\/casanova\/?page_id=159"},"modified":"2021-05-03T17:18:59","modified_gmt":"2021-05-03T20:18:59","slug":"secretaria-academica","status":"publish","type":"page","link":"https:\/\/www.unifan.edu.br\/unifan\/casanova\/institucional\/secretaria-academica\/","title":{"rendered":"Secretaria Acad\u00eamica"},"content":{"rendered":"\n<p><strong>Secretaria Acad\u00eamica<\/strong><\/p>\n\n\n\n<p>Secretaria \u00e9 o \u00f3rg\u00e3o respons\u00e1vel por todos os registros e controle do document\u00e1rio pertinente \u00e0 vida acad\u00eamica dos estudantes dos cursos de gradua\u00e7\u00e3o e p\u00f3s-gradua\u00e7\u00e3o&nbsp;da&nbsp;Faculdade Alfredo Nasser, e pode manter mais de uma unidade de atendimento, em conformidade com as necessidades espec\u00edficas dos cursos que a Institui\u00e7\u00e3o oferece.<\/p>\n\n\n\n<p>Assuntos que os colaboradores da Secretaria Acad\u00eamica resolvem ou encaminham, ap\u00f3s requerimento do interessado junto \u00e0 Tesouraria:<\/p>\n\n\n\n<p>\u2013 matr\u00edcula inicial, renova\u00e7\u00e3o, trancamento e cancelamento dos cursos de gradua\u00e7\u00e3o e p\u00f3s-gradua\u00e7\u00e3o;<\/p>\n\n\n\n<p>\u2013 desligamento ou desist\u00eancia do curso;<\/p>\n\n\n\n<p>\u2013 aproveitamento de estudos acad\u00eamicos anteriores;<\/p>\n\n\n\n<p>\u2013 depend\u00eancias de disciplinas;<\/p>\n\n\n\n<p>\u2013 transfer\u00eancias entre institui\u00e7\u00f5es, de curso, turno ou turma;<\/p>\n\n\n\n<p>\u2013 inclus\u00e3o do nome do estudante no di\u00e1rio;<\/p>\n\n\n\n<p>\u2013 declara\u00e7\u00f5es de escolaridade e freq\u00fc\u00eancia;<\/p>\n\n\n\n<p>\u2013 hist\u00f3ricos e certid\u00f5es de conclus\u00f5es de curso;<\/p>\n\n\n\n<p>\u2013 publica\u00e7\u00e3o de resultados semestrais do desempenho e frequ\u00eancia dos estudantes.<\/p>\n\n\n\n<p><strong>Processo avaliativo<\/strong><\/p>\n\n\n\n<p>&nbsp;&nbsp;&nbsp;&nbsp;&nbsp;&nbsp;&nbsp;&nbsp;&nbsp;&nbsp;&nbsp; O processo avaliativo da Faculdade Alfredo Nasser \u00e9 cont\u00ednuo e cumulativo, de acordo com o Regimento Interno, Projeto Pedag\u00f3gico de cada curso e Manual de avalia\u00e7\u00e3o, nas condi\u00e7\u00f5es gerais:<\/p>\n\n\n\n<p>\u2013 As avalia\u00e7\u00f5es letivas semestrais, inclusas teorias e pr\u00e1ticas, resultam em M\u00e9dia final, com valor igual ou superior a 6,0 (seis) do total m\u00e1ximo de 10,0 (dez) e frequ\u00eancia obrigat\u00f3ria de 75% do n\u00famero de aulas ministradas em cada disciplina.<\/p>\n\n\n\n<p>\u2013 Caso a referida M\u00e9dia final seja menor que 6,0 (seis) pontos ou a frequ\u00eancia \u00e0s aulas seja menor que 75% do n\u00famero de aulas ministradas, o estudante ficar\u00e1 retido na disciplina.<\/p>\n\n\n\n<p>\u2013 A divulga\u00e7\u00e3o de quaisquer resultados num\u00e9ricos do processo avaliativo \u00e9 de exclusiva responsabilidade do professor da disciplina, e compete \u00e0 Secretaria Acad\u00eamica a publica\u00e7\u00e3o dos resultados no semestre letivo, conforme previs\u00f5es expressas no Calend\u00e1rio Acad\u00eamico pertinente ao semestre, dispon\u00edvel no site da Faculdade.<\/p>\n","protected":false},"excerpt":{"rendered":"<p>Secretaria Acad\u00eamica Secretaria \u00e9 o \u00f3rg\u00e3o respons\u00e1vel por todos os registros e controle do document\u00e1rio pertinente \u00e0 vida acad\u00eamica dos estudantes dos cursos de gradua\u00e7\u00e3o&hellip;<\/p>\n","protected":false},"author":2,"featured_media":0,"parent":2,"menu_order":0,"comment_status":"closed","ping_status":"closed","template":"","meta":{"_acf_changed":false,"footnotes":""},"class_list":["post-159","page","type-page","status-publish","hentry"],"acf":[],"_links":{"self":[{"href":"https:\/\/www.unifan.edu.br\/unifan\/casanova\/wp-json\/wp\/v2\/pages\/159","targetHints":{"allow":["GET"]}}],"collection":[{"href":"https:\/\/www.unifan.edu.br\/unifan\/casanova\/wp-json\/wp\/v2\/pages"}],"about":[{"href":"https:\/\/www.unifan.edu.br\/unifan\/casanova\/wp-json\/wp\/v2\/types\/page"}],"author":[{"embeddable":true,"href":"https:\/\/www.unifan.edu.br\/unifan\/casanova\/wp-json\/wp\/v2\/users\/2"}],"replies":[{"embeddable":true,"href":"https:\/\/www.unifan.edu.br\/unifan\/casanova\/wp-json\/wp\/v2\/comments?post=159"}],"version-history":[{"count":2,"href":"https:\/\/www.unifan.edu.br\/unifan\/casanova\/wp-json\/wp\/v2\/pages\/159\/revisions"}],"predecessor-version":[{"id":167,"href":"https:\/\/www.unifan.edu.br\/unifan\/casanova\/wp-json\/wp\/v2\/pages\/159\/revisions\/167"}],"up":[{"embeddable":true,"href":"https:\/\/www.unifan.edu.br\/unifan\/casanova\/wp-json\/wp\/v2\/pages\/2"}],"wp:attachment":[{"href":"https:\/\/www.unifan.edu.br\/unifan\/casanova\/wp-json\/wp\/v2\/media?parent=159"}],"curies":[{"name":"wp","href":"https:\/\/api.w.org\/{rel}","templated":true}]}}