{"id":375,"date":"2022-09-23T18:54:06","date_gmt":"2022-09-23T21:54:06","guid":{"rendered":"https:\/\/www.unifan.edu.br\/unifan\/casanova\/?page_id=375"},"modified":"2022-09-23T18:54:07","modified_gmt":"2022-09-23T21:54:07","slug":"presentacao","status":"publish","type":"page","link":"https:\/\/www.unifan.edu.br\/unifan\/casanova\/pesquisa\/5-polisintese\/presentacao\/","title":{"rendered":"presenta\u00e7\u00e3o"},"content":{"rendered":"\n<p>Apresenta\u00e7\u00e3o<\/p>\n\n\n\n<p>O Poli(S)\u00edntese &#8211; Grupo transdisciplinar de estudo e pesquisa em educa\u00e7\u00e3o e cidades &#8211;&nbsp;fundado no ano de 2016, na Faculdade Alfredo Nasser, visa discutir e aprofundar o conhecimento a respeito de quest\u00f5es relacionadas a ci\u00eancia e tecnologia, a educa\u00e7\u00e3o e a cidade.&nbsp; &nbsp;<\/p>\n\n\n\n<p>O Poli(S)\u00edntese constituiu-se com pretens\u00f5es de reunir professores, pesquisadores e graduandos da Faculdade Alfredo Nasser em um espa\u00e7o de pesquisa e debate sobre as tem\u00e1ticas, estimulando a troca de informa\u00e7\u00f5es e a execu\u00e7\u00e3o de projetos conjuntos. Para tanto, promove reuni\u00f5es peri\u00f3dicas de estudos e debates, assim como realiza semin\u00e1rios e eventos abertos \u00e0 comunidade acad\u00eamica e \u00e0 sociedade. Juntamente com os debates orientados, as atividades do grupo ser\u00e3o direcionadas para a pesquisa e produ\u00e7\u00e3o acad\u00eamica.&nbsp;<\/p>\n\n\n<p>Edital Poli(S)\u00edntese 2021-2 (<a href=\"https:\/\/www.unifan.edu.br\/unifan\/aparecida\/wp-content\/uploads\/sites\/2\/2021\/08\/EDITAL-DE-SELECAO-PoliSintese.pdf\">Acesse aqui<\/a>)<\/p>\n<p>\u00a0<\/p>","protected":false},"excerpt":{"rendered":"<p>Apresenta\u00e7\u00e3o O Poli(S)\u00edntese &#8211; Grupo transdisciplinar de estudo e pesquisa em educa\u00e7\u00e3o e cidades &#8211;&nbsp;fundado no ano de 2016, na Faculdade Alfredo Nasser, visa discutir&hellip;<\/p>\n","protected":false},"author":1,"featured_media":0,"parent":365,"menu_order":0,"comment_status":"closed","ping_status":"closed","template":"template-pagina-pai.php","meta":{"_acf_changed":false,"footnotes":""},"class_list":["post-375","page","type-page","status-publish","hentry"],"acf":[],"_links":{"self":[{"href":"https:\/\/www.unifan.edu.br\/unifan\/casanova\/wp-json\/wp\/v2\/pages\/375","targetHints":{"allow":["GET"]}}],"collection":[{"href":"https:\/\/www.unifan.edu.br\/unifan\/casanova\/wp-json\/wp\/v2\/pages"}],"about":[{"href":"https:\/\/www.unifan.edu.br\/unifan\/casanova\/wp-json\/wp\/v2\/types\/page"}],"author":[{"embeddable":true,"href":"https:\/\/www.unifan.edu.br\/unifan\/casanova\/wp-json\/wp\/v2\/users\/1"}],"replies":[{"embeddable":true,"href":"https:\/\/www.unifan.edu.br\/unifan\/casanova\/wp-json\/wp\/v2\/comments?post=375"}],"version-history":[{"count":1,"href":"https:\/\/www.unifan.edu.br\/unifan\/casanova\/wp-json\/wp\/v2\/pages\/375\/revisions"}],"predecessor-version":[{"id":376,"href":"https:\/\/www.unifan.edu.br\/unifan\/casanova\/wp-json\/wp\/v2\/pages\/375\/revisions\/376"}],"up":[{"embeddable":true,"href":"https:\/\/www.unifan.edu.br\/unifan\/casanova\/wp-json\/wp\/v2\/pages\/365"}],"wp:attachment":[{"href":"https:\/\/www.unifan.edu.br\/unifan\/casanova\/wp-json\/wp\/v2\/media?parent=375"}],"curies":[{"name":"wp","href":"https:\/\/api.w.org\/{rel}","templated":true}]}}