{"id":415,"date":"2022-09-23T20:04:04","date_gmt":"2022-09-23T23:04:04","guid":{"rendered":"https:\/\/www.unifan.edu.br\/unifan\/casanova\/?page_id=415"},"modified":"2022-09-23T20:04:04","modified_gmt":"2022-09-23T23:04:04","slug":"calendario","status":"publish","type":"page","link":"https:\/\/www.unifan.edu.br\/unifan\/casanova\/pesquisa\/4-ceua\/calendario\/","title":{"rendered":"Calend\u00e1rio"},"content":{"rendered":"\n<p><strong>REUNI\u00d5ES\nDA COMISS\u00c3O DE \u00c9TICA NO USO DE ANIMAIS DA UNIVERSIDADE ALFREDO NASSER (CEUFAN)<\/strong><\/p>\n\n\n\n<figure class=\"wp-block-table aligncenter is-style-regular\"><table><tbody><tr><td>\n  <strong>AGOSTO<\/strong>\n  <\/td><td>  <strong>SETEMBRO<\/strong>   <\/td><td>\n  <strong>OUTUBRO<\/strong>\n  <\/td><td>  <strong>NOVEMBRO<\/strong>   <\/td><td>\n  <strong>DEZEMBRO<\/strong>\n  <\/td><\/tr><tr><td>     <strong>9<\/strong>   <\/td><td>           <strong>6<\/strong>   <\/td><td>         <strong>4<\/strong>   <\/td><td>        <strong>8<\/strong>   <\/td><td>     <strong>3<\/strong>   <\/td><\/tr><\/tbody><\/table><\/figure>\n\n\n\n<p><strong>HOR\u00c1RIO\nDE EXPEDIENTE DA COMISS\u00c3O DE \u00c9TICA NO USO DE ANIMAIS DA UNIVERSIDADE ALFREDO\nNASSER (CEUFAN)<\/strong><\/p>\n\n\n\n<figure class=\"wp-block-table is-style-regular\"><table><tbody><tr><td><strong>SEGUNDA-FEIRA<\/strong>   <\/td><td><strong>TER\u00c7A-FEIRA<\/strong>   <\/td><td><strong>QUARTA-FEIRA<\/strong>   <\/td><td><strong>QUINTA-FEIRA<\/strong>   <\/td><td><strong>SEXTA-FEIRA<\/strong>   <\/td><\/tr><tr><td>\n  <strong>13:00-18:00<\/strong>\n  <\/td><td> <strong>13:00-18:00<\/strong>   <\/td><td>\n  <strong>13:00-18:00<\/strong>\n  <\/td><td><strong>  13:00-18:00<\/strong>   <\/td><td><strong>13:00-18:00<\/strong><\/td><\/tr><\/tbody><\/table><\/figure>\n","protected":false},"excerpt":{"rendered":"<p>REUNI\u00d5ES DA COMISS\u00c3O DE \u00c9TICA NO USO DE ANIMAIS DA UNIVERSIDADE ALFREDO NASSER (CEUFAN) AGOSTO SETEMBRO OUTUBRO NOVEMBRO DEZEMBRO 9 6 4 8 3 HOR\u00c1RIO&hellip;<\/p>\n","protected":false},"author":1,"featured_media":0,"parent":363,"menu_order":0,"comment_status":"closed","ping_status":"closed","template":"template-pagina-pai.php","meta":{"_acf_changed":false,"footnotes":""},"class_list":["post-415","page","type-page","status-publish","hentry"],"acf":[],"_links":{"self":[{"href":"https:\/\/www.unifan.edu.br\/unifan\/casanova\/wp-json\/wp\/v2\/pages\/415","targetHints":{"allow":["GET"]}}],"collection":[{"href":"https:\/\/www.unifan.edu.br\/unifan\/casanova\/wp-json\/wp\/v2\/pages"}],"about":[{"href":"https:\/\/www.unifan.edu.br\/unifan\/casanova\/wp-json\/wp\/v2\/types\/page"}],"author":[{"embeddable":true,"href":"https:\/\/www.unifan.edu.br\/unifan\/casanova\/wp-json\/wp\/v2\/users\/1"}],"replies":[{"embeddable":true,"href":"https:\/\/www.unifan.edu.br\/unifan\/casanova\/wp-json\/wp\/v2\/comments?post=415"}],"version-history":[{"count":1,"href":"https:\/\/www.unifan.edu.br\/unifan\/casanova\/wp-json\/wp\/v2\/pages\/415\/revisions"}],"predecessor-version":[{"id":416,"href":"https:\/\/www.unifan.edu.br\/unifan\/casanova\/wp-json\/wp\/v2\/pages\/415\/revisions\/416"}],"up":[{"embeddable":true,"href":"https:\/\/www.unifan.edu.br\/unifan\/casanova\/wp-json\/wp\/v2\/pages\/363"}],"wp:attachment":[{"href":"https:\/\/www.unifan.edu.br\/unifan\/casanova\/wp-json\/wp\/v2\/media?parent=415"}],"curies":[{"name":"wp","href":"https:\/\/api.w.org\/{rel}","templated":true}]}}