{"id":599,"date":"2023-09-18T14:55:18","date_gmt":"2023-09-18T17:55:18","guid":{"rendered":"https:\/\/www.unifan.edu.br\/unifan\/casanova\/?page_id=599"},"modified":"2023-09-18T14:55:19","modified_gmt":"2023-09-18T17:55:19","slug":"12o-pesquisar-2023","status":"publish","type":"page","link":"https:\/\/www.unifan.edu.br\/unifan\/casanova\/pesquisa\/1-pesquisar\/12o-pesquisar-2023\/","title":{"rendered":"12\u00ba PESQUISAR &#8211; 2023"},"content":{"rendered":"\n<p>12\u00ba PESQUISAR &#8211; CONGRESSO INTERDISCIPLINAR DE PRODU\u00c7\u00c3O CIENT\u00cdFICA<\/p>\n\n\n\n<figure class=\"wp-block-image size-large\"><img decoding=\"async\" src=\"https:\/\/www.unifan.edu.br\/unifan\/aparecida\/wp-content\/uploads\/sites\/2\/2023\/06\/LOGO-12PESQUISAR-1024x322.png\" alt=\"\" class=\"wp-image-7660\" \/><\/figure>\n\n\n\n<p class=\"has-text-align-center\"><a href=\"https:\/\/www.unifan.edu.br\/unifan\/aparecida\/wp-content\/uploads\/sites\/2\/2023\/09\/1o-Termo-Aditivo-ao-Edital-12o-Pesquisar.pdf\">1\u00ba Termo aditivo ao Edital &#8211; 12\u00ba Pesquisar<\/a><\/p>\n\n\n\n<p class=\"has-text-align-center\"><a href=\"https:\/\/www.unifan.edu.br\/unifan\/aparecida\/wp-content\/uploads\/sites\/2\/2023\/06\/Edital-12o-Congresso-Pesquisar.pdf\">Edital <\/a><\/p>\n\n\n\n<p class=\"has-text-align-center\"><a href=\"https:\/\/www.unifan.edu.br\/unifan\/aparecida\/wp-content\/uploads\/sites\/2\/2023\/06\/Modelo-para-o-Poster-12o-PESQUISAR-2023-Centro-Universitario-1-1.ppt\">Modelo de P\u00f4ster<\/a><\/p>\n\n\n\n<p class=\"has-text-align-center\"><a href=\"https:\/\/www.unifan.edu.br\/unifan\/aparecida\/wp-content\/uploads\/sites\/2\/2023\/06\/Modelo-para-o-Resumo-Expandido-12o-PESQUISAR-2023-Centro-Universitario-1.docx\">Modelo de Resumo expandido<\/a><\/p>\n","protected":false},"excerpt":{"rendered":"<p>12\u00ba PESQUISAR &#8211; CONGRESSO INTERDISCIPLINAR DE PRODU\u00c7\u00c3O CIENT\u00cdFICA 1\u00ba Termo aditivo ao Edital &#8211; 12\u00ba Pesquisar Edital Modelo de P\u00f4ster Modelo de Resumo expandido<\/p>\n","protected":false},"author":8,"featured_media":0,"parent":355,"menu_order":0,"comment_status":"closed","ping_status":"closed","template":"","meta":{"_acf_changed":false,"footnotes":""},"class_list":["post-599","page","type-page","status-publish","hentry"],"acf":[],"_links":{"self":[{"href":"https:\/\/www.unifan.edu.br\/unifan\/casanova\/wp-json\/wp\/v2\/pages\/599","targetHints":{"allow":["GET"]}}],"collection":[{"href":"https:\/\/www.unifan.edu.br\/unifan\/casanova\/wp-json\/wp\/v2\/pages"}],"about":[{"href":"https:\/\/www.unifan.edu.br\/unifan\/casanova\/wp-json\/wp\/v2\/types\/page"}],"author":[{"embeddable":true,"href":"https:\/\/www.unifan.edu.br\/unifan\/casanova\/wp-json\/wp\/v2\/users\/8"}],"replies":[{"embeddable":true,"href":"https:\/\/www.unifan.edu.br\/unifan\/casanova\/wp-json\/wp\/v2\/comments?post=599"}],"version-history":[{"count":1,"href":"https:\/\/www.unifan.edu.br\/unifan\/casanova\/wp-json\/wp\/v2\/pages\/599\/revisions"}],"predecessor-version":[{"id":600,"href":"https:\/\/www.unifan.edu.br\/unifan\/casanova\/wp-json\/wp\/v2\/pages\/599\/revisions\/600"}],"up":[{"embeddable":true,"href":"https:\/\/www.unifan.edu.br\/unifan\/casanova\/wp-json\/wp\/v2\/pages\/355"}],"wp:attachment":[{"href":"https:\/\/www.unifan.edu.br\/unifan\/casanova\/wp-json\/wp\/v2\/media?parent=599"}],"curies":[{"name":"wp","href":"https:\/\/api.w.org\/{rel}","templated":true}]}}