{"id":761,"date":"2025-04-09T10:15:00","date_gmt":"2025-04-09T13:15:00","guid":{"rendered":"https:\/\/www.unifan.edu.br\/unifan\/casanova\/?page_id=761"},"modified":"2025-04-15T08:36:41","modified_gmt":"2025-04-15T11:36:41","slug":"serie-alfredo-nasser-ensino-pesquisa-extensao-e-edicao","status":"publish","type":"page","link":"https:\/\/www.unifan.edu.br\/unifan\/casanova\/editora\/1-livros\/serie-alfredo-nasser-ensino-pesquisa-extensao-e-edicao\/","title":{"rendered":"S\u00e9rie Interinstitucional Alfredo Nasser: ensino, pesquisa, extens\u00e3o e edi\u00e7\u00e3o"},"content":{"rendered":"","protected":false},"excerpt":{"rendered":"","protected":false},"author":11,"featured_media":0,"parent":387,"menu_order":0,"comment_status":"closed","ping_status":"closed","template":"template-pagina-pai.php","meta":{"_acf_changed":false,"footnotes":""},"class_list":["post-761","page","type-page","status-publish","hentry"],"acf":[],"_links":{"self":[{"href":"https:\/\/www.unifan.edu.br\/unifan\/casanova\/wp-json\/wp\/v2\/pages\/761","targetHints":{"allow":["GET"]}}],"collection":[{"href":"https:\/\/www.unifan.edu.br\/unifan\/casanova\/wp-json\/wp\/v2\/pages"}],"about":[{"href":"https:\/\/www.unifan.edu.br\/unifan\/casanova\/wp-json\/wp\/v2\/types\/page"}],"author":[{"embeddable":true,"href":"https:\/\/www.unifan.edu.br\/unifan\/casanova\/wp-json\/wp\/v2\/users\/11"}],"replies":[{"embeddable":true,"href":"https:\/\/www.unifan.edu.br\/unifan\/casanova\/wp-json\/wp\/v2\/comments?post=761"}],"version-history":[{"count":2,"href":"https:\/\/www.unifan.edu.br\/unifan\/casanova\/wp-json\/wp\/v2\/pages\/761\/revisions"}],"predecessor-version":[{"id":771,"href":"https:\/\/www.unifan.edu.br\/unifan\/casanova\/wp-json\/wp\/v2\/pages\/761\/revisions\/771"}],"up":[{"embeddable":true,"href":"https:\/\/www.unifan.edu.br\/unifan\/casanova\/wp-json\/wp\/v2\/pages\/387"}],"wp:attachment":[{"href":"https:\/\/www.unifan.edu.br\/unifan\/casanova\/wp-json\/wp\/v2\/media?parent=761"}],"curies":[{"name":"wp","href":"https:\/\/api.w.org\/{rel}","templated":true}]}}