{"id":245,"date":"2022-04-26T15:04:27","date_gmt":"2022-04-26T18:04:27","guid":{"rendered":"https:\/\/www.unifan.edu.br\/unifan\/pontalina\/?page_id=245"},"modified":"2024-09-12T16:25:46","modified_gmt":"2024-09-12T19:25:46","slug":"regulamentos","status":"publish","type":"page","link":"https:\/\/www.unifan.edu.br\/unifan\/pontalina\/institucional\/a-instituicao\/regulamentos\/","title":{"rendered":"Regulamentos"},"content":{"rendered":"\n<p><\/p>\n\n\n\n<p><a href=\"https:\/\/www.unifan.edu.br\/unifan\/pontalina\/wp-content\/uploads\/sites\/5\/2023\/09\/ATIVIDADES-COMPLEMENTARES.pdf\">Atividades Complementares<\/a><\/p>\n\n\n\n<p><a href=\"https:\/\/www.unifan.edu.br\/unifan\/pontalina\/wp-content\/uploads\/sites\/5\/2023\/09\/ATIVIDADES-DE-EXTENSAO.pdf\">Atividades de Extens\u00e3o<\/a><\/p>\n\n\n\n<p><a href=\"https:\/\/www.unifan.edu.br\/unifan\/pontalina\/wp-content\/uploads\/sites\/5\/2024\/09\/Discsiplinas-Eletivas-e-Optativas-Pontalina-23-01-2024.pdf\">Disciplinas Eletivas e Optativas<\/a><\/p>\n\n\n\n<p><a href=\"https:\/\/www.unifan.edu.br\/unifan\/pontalina\/wp-content\/uploads\/sites\/5\/2023\/09\/EXTRAORDINARIO-APROVEITAMENTO-DE-ESTUDOS.pdf\">Extraordin\u00e1rio aproveitamento de estudos<\/a><\/p>\n\n\n\n<p><a href=\"https:\/\/www.unifan.edu.br\/unifan\/pontalina\/wp-content\/uploads\/sites\/5\/2023\/09\/LABORATORIOS-DE-INFORMATICA.pdf\">Laborat\u00f3rios de inform\u00e1tica<\/a><\/p>\n\n\n\n<p><a href=\"https:\/\/www.unifan.edu.br\/unifan\/pontalina\/wp-content\/uploads\/sites\/5\/2023\/09\/MANUTENCAO-E-GUARDA-DO-ACERVO.pdf\">Manuten\u00e7\u00e3o e guarda do acervo<\/a><\/p>\n\n\n\n<p><a href=\"https:\/\/www.unifan.edu.br\/unifan\/pontalina\/wp-content\/uploads\/sites\/5\/2024\/09\/TCC-Pontalina.pdf\">Orienta\u00e7\u00e3o e Apresenta\u00e7\u00e3o de TCC<\/a><\/p>\n\n\n\n<p><a href=\"https:\/\/www.unifan.edu.br\/unifan\/pontalina\/wp-content\/uploads\/sites\/5\/2023\/09\/POLITICA-DO-PROGRAMA-DE-NIVELAMENTO.pdf\">Pol\u00edtica do Programa de Nivelamento<\/a><\/p>\n\n\n\n<p><a href=\"https:\/\/www.unifan.edu.br\/unifan\/pontalina\/wp-content\/uploads\/sites\/5\/2023\/09\/PROGRAMA-DE-INICIACAO-A-PESQUISA.pdf\">Programa de Inicia\u00e7\u00e3o \u00e0 Pesquisa<\/a><\/p>\n\n\n\n<p><a href=\"https:\/\/www.unifan.edu.br\/unifan\/pontalina\/wp-content\/uploads\/sites\/5\/2024\/09\/PROGRAMA-DE-MONITORIA.pdf\">Programa de Monitoria<\/a><\/p>\n\n\n\n<p><a href=\"https:\/\/www.unifan.edu.br\/unifan\/pontalina\/wp-content\/uploads\/sites\/5\/2024\/09\/Proibicao-de-presenca-de-criancas-e-outros-em-sala-de-aula-setembro-2024.pdf\">Pro\u00edbe a presen\u00e7a de crian\u00e7as e outros na sala de aula<\/a><\/p>\n\n\n\n<p><a href=\"https:\/\/www.unifan.edu.br\/unifan\/pontalina\/wp-content\/uploads\/sites\/5\/2023\/09\/REGIME-ESPECIAL-DE-ENSINO.pdf\">Regime especial de ensino<\/a><\/p>\n\n\n\n<p><a href=\"https:\/\/www.unifan.edu.br\/unifan\/pontalina\/wp-content\/uploads\/sites\/5\/2023\/09\/PONTALINA_REGULAMENTO_BIBLIOTECA-.pdf\" data-type=\"link\" data-id=\"https:\/\/www.unifan.edu.br\/unifan\/pontalina\/wp-content\/uploads\/sites\/5\/2023\/09\/PONTALINA_REGULAMENTO_BIBLIOTECA-.pdf\">Regulamento Biblioteca<\/a><\/p>\n","protected":false},"excerpt":{"rendered":"<p>Atividades Complementares Atividades de Extens\u00e3o Disciplinas Eletivas e Optativas Extraordin\u00e1rio aproveitamento de estudos Laborat\u00f3rios de inform\u00e1tica Manuten\u00e7\u00e3o e guarda do acervo Orienta\u00e7\u00e3o e Apresenta\u00e7\u00e3o de&hellip;<\/p>\n","protected":false},"author":8,"featured_media":0,"parent":169,"menu_order":0,"comment_status":"closed","ping_status":"closed","template":"","meta":{"_acf_changed":false,"footnotes":""},"class_list":["post-245","page","type-page","status-publish","hentry"],"acf":[],"_links":{"self":[{"href":"https:\/\/www.unifan.edu.br\/unifan\/pontalina\/wp-json\/wp\/v2\/pages\/245","targetHints":{"allow":["GET"]}}],"collection":[{"href":"https:\/\/www.unifan.edu.br\/unifan\/pontalina\/wp-json\/wp\/v2\/pages"}],"about":[{"href":"https:\/\/www.unifan.edu.br\/unifan\/pontalina\/wp-json\/wp\/v2\/types\/page"}],"author":[{"embeddable":true,"href":"https:\/\/www.unifan.edu.br\/unifan\/pontalina\/wp-json\/wp\/v2\/users\/8"}],"replies":[{"embeddable":true,"href":"https:\/\/www.unifan.edu.br\/unifan\/pontalina\/wp-json\/wp\/v2\/comments?post=245"}],"version-history":[{"count":21,"href":"https:\/\/www.unifan.edu.br\/unifan\/pontalina\/wp-json\/wp\/v2\/pages\/245\/revisions"}],"predecessor-version":[{"id":921,"href":"https:\/\/www.unifan.edu.br\/unifan\/pontalina\/wp-json\/wp\/v2\/pages\/245\/revisions\/921"}],"up":[{"embeddable":true,"href":"https:\/\/www.unifan.edu.br\/unifan\/pontalina\/wp-json\/wp\/v2\/pages\/169"}],"wp:attachment":[{"href":"https:\/\/www.unifan.edu.br\/unifan\/pontalina\/wp-json\/wp\/v2\/media?parent=245"}],"curies":[{"name":"wp","href":"https:\/\/api.w.org\/{rel}","templated":true}]}}