{"id":496,"date":"2022-09-23T15:39:23","date_gmt":"2022-09-23T18:39:23","guid":{"rendered":"https:\/\/www.unifan.edu.br\/unifan\/remanso\/?page_id=496"},"modified":"2022-09-23T15:39:24","modified_gmt":"2022-09-23T18:39:24","slug":"4-ficha-de-expediente","status":"publish","type":"page","link":"https:\/\/www.unifan.edu.br\/unifan\/remanso\/editora\/4-ficha-de-expediente\/","title":{"rendered":"4. Ficha de expediente"},"content":{"rendered":"\n<p class=\"has-text-align-center\"><strong>Reitor<\/strong><\/p>\n\n\n\n<p class=\"has-text-align-center\">Prof. Alcides Ribeiro Filho<\/p>\n\n\n\n<p class=\"has-text-align-center\"><strong>Pr\u00f3-Reitor Acad\u00eamico<\/strong><\/p>\n\n\n\n<p class=\"has-text-align-center\">Prof. <em>PhD<\/em>. Carlos Alberto Vicchiatti<\/p>\n\n\n\n<p class=\"has-text-align-center\"><strong>Pr\u00f3-Reitor de Rela\u00e7\u00f5es Institucionais<\/strong><\/p>\n\n\n\n<p class=\"has-text-align-center\">Prof. Msd. Luiz Antonio de Faria<\/p>\n\n\n\n<p class=\"has-text-align-center\"><strong>EXPEDIENTE<\/strong><\/p>\n\n\n\n<p class=\"has-text-align-center\"><strong>Editora-chefe<\/strong><\/p>\n\n\n\n<p class=\"has-text-align-center\">Prof\u00aa. Dr\u00aa. Michele Giacomet<\/p>\n\n\n\n<p class=\"has-text-align-center\"><strong>Editor-adjunto<\/strong><\/p>\n\n\n\n<p class=\"has-text-align-center\">Peterson Daniel Vieira<\/p>\n\n\n\n<p class=\"has-text-align-center\"><strong>Bibliotec\u00e1rias<\/strong><\/p>\n\n\n\n<p class=\"has-text-align-center\">Eliana Batista Pires e Silva<\/p>\n\n\n\n<p class=\"has-text-align-center\">Francisca Rodrigues da Silva<\/p>\n\n\n\n<p class=\"has-text-align-center\"><em><strong>Layout<\/strong><\/em><strong>&nbsp;e diagrama\u00e7\u00e3o<\/strong><\/p>\n\n\n\n<p class=\"has-text-align-center\">Peterson Daniel Vieira<\/p>\n\n\n\n<p class=\"has-text-align-center\"><strong>Designer gr\u00e1fico<\/strong><\/p>\n\n\n\n<p class=\"has-text-align-center\">Cleyton Nascimento<\/p>\n","protected":false},"excerpt":{"rendered":"<p>Reitor Prof. Alcides Ribeiro Filho Pr\u00f3-Reitor Acad\u00eamico Prof. PhD. Carlos Alberto Vicchiatti Pr\u00f3-Reitor de Rela\u00e7\u00f5es Institucionais Prof. Msd. Luiz Antonio de Faria EXPEDIENTE Editora-chefe Prof\u00aa.&hellip;<\/p>\n","protected":false},"author":3,"featured_media":0,"parent":483,"menu_order":0,"comment_status":"closed","ping_status":"closed","template":"template-pagina-pai.php","meta":{"_acf_changed":false,"footnotes":""},"class_list":["post-496","page","type-page","status-publish","hentry"],"acf":[],"_links":{"self":[{"href":"https:\/\/www.unifan.edu.br\/unifan\/remanso\/wp-json\/wp\/v2\/pages\/496","targetHints":{"allow":["GET"]}}],"collection":[{"href":"https:\/\/www.unifan.edu.br\/unifan\/remanso\/wp-json\/wp\/v2\/pages"}],"about":[{"href":"https:\/\/www.unifan.edu.br\/unifan\/remanso\/wp-json\/wp\/v2\/types\/page"}],"author":[{"embeddable":true,"href":"https:\/\/www.unifan.edu.br\/unifan\/remanso\/wp-json\/wp\/v2\/users\/3"}],"replies":[{"embeddable":true,"href":"https:\/\/www.unifan.edu.br\/unifan\/remanso\/wp-json\/wp\/v2\/comments?post=496"}],"version-history":[{"count":1,"href":"https:\/\/www.unifan.edu.br\/unifan\/remanso\/wp-json\/wp\/v2\/pages\/496\/revisions"}],"predecessor-version":[{"id":497,"href":"https:\/\/www.unifan.edu.br\/unifan\/remanso\/wp-json\/wp\/v2\/pages\/496\/revisions\/497"}],"up":[{"embeddable":true,"href":"https:\/\/www.unifan.edu.br\/unifan\/remanso\/wp-json\/wp\/v2\/pages\/483"}],"wp:attachment":[{"href":"https:\/\/www.unifan.edu.br\/unifan\/remanso\/wp-json\/wp\/v2\/media?parent=496"}],"curies":[{"name":"wp","href":"https:\/\/api.w.org\/{rel}","templated":true}]}}