{"id":67,"date":"2019-07-25T19:49:49","date_gmt":"2019-07-25T22:49:49","guid":{"rendered":"https:\/\/www.unifan.edu.br\/unifan\/remanso\/?page_id=67"},"modified":"2025-08-04T17:13:27","modified_gmt":"2025-08-04T20:13:27","slug":"ciencias-contabeis","status":"publish","type":"page","link":"https:\/\/www.unifan.edu.br\/unifan\/remanso\/pagina-exemplo\/graduacao\/ciencias-contabeis\/","title":{"rendered":"Ci\u00eancias Cont\u00e1beis"},"content":{"rendered":"\n<figure class=\"wp-block-image size-large\"><img loading=\"lazy\" decoding=\"async\" width=\"1024\" height=\"459\" src=\"https:\/\/www.unifan.edu.br\/unifan\/remanso\/wp-content\/uploads\/sites\/3\/2024\/09\/cienc-contabeis-remanso-1024x459.png\" alt=\"\" class=\"wp-image-706\" srcset=\"https:\/\/www.unifan.edu.br\/unifan\/remanso\/wp-content\/uploads\/sites\/3\/2024\/09\/cienc-contabeis-remanso-1024x459.png 1024w, https:\/\/www.unifan.edu.br\/unifan\/remanso\/wp-content\/uploads\/sites\/3\/2024\/09\/cienc-contabeis-remanso-300x134.png 300w, https:\/\/www.unifan.edu.br\/unifan\/remanso\/wp-content\/uploads\/sites\/3\/2024\/09\/cienc-contabeis-remanso-768x344.png 768w, https:\/\/www.unifan.edu.br\/unifan\/remanso\/wp-content\/uploads\/sites\/3\/2024\/09\/cienc-contabeis-remanso.png 1426w\" sizes=\"auto, (max-width: 1024px) 100vw, 1024px\" \/><\/figure>\n\n\n\n<p><strong>Situa\u00e7\u00e3o Legal<\/strong><\/p>\n\n\n\n<p>Autorizado pela Portaria SERES\/MEC n\u00ba 438, de 25 de julho de 2025, publicada no DOU em 28 de julho de 2025.<\/p>\n\n\n\n<p><strong>Miss\u00e3o do Curso<\/strong><\/p>\n\n\n\n<p>Qualificar o estudante de Ci\u00eancias Cont\u00e1beis, por meio do  desenvolvimento de habilidades te\u00f3ricas, conceituais, anal\u00edticas,  pr\u00e1ticas e human\u00edsticas, para o exerc\u00edcio de atividades de planejamento,  elabora\u00e7\u00e3o, an\u00e1lises demonstrativas, relat\u00f3rios cont\u00e1beis, assessorias, auditorias, consultorias e tomadas de decis\u00f5es nos processos de gest\u00e3o.<\/p>\n\n\n\n<p><strong>Mercado de Trabalho<\/strong><\/p>\n\n\n\n<p>O bacharel em Ci\u00eancias Cont\u00e1beis, ap\u00f3s credenciamento, atua a servi\u00e7o\n de pessoas f\u00edsicas e jur\u00eddicas, em institui\u00e7\u00f5es instaladas nas grandes \n\u00e1reas da ind\u00fastria, com\u00e9rcio, educa\u00e7\u00e3o, sa\u00fade, seguran\u00e7a, meio ambiente,\n agricultura, turismo, servi\u00e7os da administra\u00e7\u00e3o p\u00fablica, pesquisas e \ndoc\u00eancia.<\/p>\n\n\n\n<div class=\"form-group\">\n\n<a href=\"https:\/\/www.unifan.edu.br\/unifan\/remanso\/wp-content\/uploads\/sites\/3\/2024\/08\/MATRIZ-CURSO-CIENCIAS-CONTABEIS-1.pdf\" class=\"btn btn-primary\">Matriz\n<\/a>\n\n\n<\/div>\n","protected":false},"excerpt":{"rendered":"<p>Situa\u00e7\u00e3o Legal Autorizado pela Portaria SERES\/MEC n\u00ba 438, de 25 de julho de 2025, publicada no DOU em 28 de julho de 2025. Miss\u00e3o do&hellip;<\/p>\n","protected":false},"author":2,"featured_media":76,"parent":54,"menu_order":0,"comment_status":"closed","ping_status":"closed","template":"","meta":{"_acf_changed":false,"footnotes":""},"class_list":["post-67","page","type-page","status-publish","has-post-thumbnail","hentry"],"acf":[],"_links":{"self":[{"href":"https:\/\/www.unifan.edu.br\/unifan\/remanso\/wp-json\/wp\/v2\/pages\/67","targetHints":{"allow":["GET"]}}],"collection":[{"href":"https:\/\/www.unifan.edu.br\/unifan\/remanso\/wp-json\/wp\/v2\/pages"}],"about":[{"href":"https:\/\/www.unifan.edu.br\/unifan\/remanso\/wp-json\/wp\/v2\/types\/page"}],"author":[{"embeddable":true,"href":"https:\/\/www.unifan.edu.br\/unifan\/remanso\/wp-json\/wp\/v2\/users\/2"}],"replies":[{"embeddable":true,"href":"https:\/\/www.unifan.edu.br\/unifan\/remanso\/wp-json\/wp\/v2\/comments?post=67"}],"version-history":[{"count":12,"href":"https:\/\/www.unifan.edu.br\/unifan\/remanso\/wp-json\/wp\/v2\/pages\/67\/revisions"}],"predecessor-version":[{"id":916,"href":"https:\/\/www.unifan.edu.br\/unifan\/remanso\/wp-json\/wp\/v2\/pages\/67\/revisions\/916"}],"up":[{"embeddable":true,"href":"https:\/\/www.unifan.edu.br\/unifan\/remanso\/wp-json\/wp\/v2\/pages\/54"}],"wp:featuredmedia":[{"embeddable":true,"href":"https:\/\/www.unifan.edu.br\/unifan\/remanso\/wp-json\/wp\/v2\/media\/76"}],"wp:attachment":[{"href":"https:\/\/www.unifan.edu.br\/unifan\/remanso\/wp-json\/wp\/v2\/media?parent=67"}],"curies":[{"name":"wp","href":"https:\/\/api.w.org\/{rel}","templated":true}]}}