{"id":70,"date":"2019-07-25T19:50:31","date_gmt":"2019-07-25T22:50:31","guid":{"rendered":"https:\/\/www.unifan.edu.br\/unifan\/remanso\/?page_id=70"},"modified":"2025-08-04T17:24:41","modified_gmt":"2025-08-04T20:24:41","slug":"matematica","status":"publish","type":"page","link":"https:\/\/www.unifan.edu.br\/unifan\/remanso\/pagina-exemplo\/graduacao\/matematica\/","title":{"rendered":"Matem\u00e1tica"},"content":{"rendered":"\n<figure class=\"wp-block-image size-large\"><img loading=\"lazy\" decoding=\"async\" width=\"1024\" height=\"459\" src=\"https:\/\/www.unifan.edu.br\/unifan\/remanso\/wp-content\/uploads\/sites\/3\/2024\/09\/Prancheta-3-1024x459.png\" alt=\"\" class=\"wp-image-708\" srcset=\"https:\/\/www.unifan.edu.br\/unifan\/remanso\/wp-content\/uploads\/sites\/3\/2024\/09\/Prancheta-3-1024x459.png 1024w, https:\/\/www.unifan.edu.br\/unifan\/remanso\/wp-content\/uploads\/sites\/3\/2024\/09\/Prancheta-3-300x134.png 300w, https:\/\/www.unifan.edu.br\/unifan\/remanso\/wp-content\/uploads\/sites\/3\/2024\/09\/Prancheta-3-768x344.png 768w, https:\/\/www.unifan.edu.br\/unifan\/remanso\/wp-content\/uploads\/sites\/3\/2024\/09\/Prancheta-3.png 1426w\" sizes=\"auto, (max-width: 1024px) 100vw, 1024px\" \/><\/figure>\n\n\n\n<p><strong>Situa\u00e7\u00e3o Legal<\/strong><\/p>\n\n\n\n<p>Autorizado pela Portaria n\u00ba 180, de 24 de mar\u00e7o de 2025, publicada no DOU em 25 de mar\u00e7o de 2025.<\/p>\n\n\n\n<p><strong>Miss\u00e3o do Curso<\/strong><\/p>\n\n\n\n<p>Qualificar o estudante de Matem\u00e1tica, por meio do desenvolvimento de \nhabilidades te\u00f3ricas, conceituais, anal\u00edticas, pr\u00e1ticas e human\u00edsticas, \npara compreender fen\u00f4menos matem\u00e1ticos na sociedade, na cultura e na \neduca\u00e7\u00e3o e contribuir com o desenvolvimento cient\u00edfico e tecnol\u00f3gico.<\/p>\n\n\n\n<p><strong>Mercado de trabalho<\/strong><\/p>\n\n\n\n<p>O licenciado em Matem\u00e1tica atua no ensino e aprendizagem em escolas \ndo Ensino Fundamental, M\u00e9dio e, ap\u00f3s credenciamento, no Ensino superior;\n e, em assessorias, consultorias e projetos dos mais variados tipos nas \norganiza\u00e7\u00f5es p\u00fablicas e privadas.<\/p>\n\n\n\n<div class=\"form-group\">\n\n<a href=\"https:\/\/www.unifan.edu.br\/unifan\/remanso\/wp-content\/uploads\/sites\/3\/2024\/08\/MATRIZ-CURSO-MATEMATICA.pdf\" class=\"btn btn-primary\">Matriz\n<\/a>\n\n\n\n<\/div>\n","protected":false},"excerpt":{"rendered":"<p>Situa\u00e7\u00e3o Legal Autorizado pela Portaria n\u00ba 180, de 24 de mar\u00e7o de 2025, publicada no DOU em 25 de mar\u00e7o de 2025. Miss\u00e3o do Curso&hellip;<\/p>\n","protected":false},"author":2,"featured_media":73,"parent":54,"menu_order":0,"comment_status":"closed","ping_status":"closed","template":"","meta":{"_acf_changed":false,"footnotes":""},"class_list":["post-70","page","type-page","status-publish","has-post-thumbnail","hentry"],"acf":[],"_links":{"self":[{"href":"https:\/\/www.unifan.edu.br\/unifan\/remanso\/wp-json\/wp\/v2\/pages\/70","targetHints":{"allow":["GET"]}}],"collection":[{"href":"https:\/\/www.unifan.edu.br\/unifan\/remanso\/wp-json\/wp\/v2\/pages"}],"about":[{"href":"https:\/\/www.unifan.edu.br\/unifan\/remanso\/wp-json\/wp\/v2\/types\/page"}],"author":[{"embeddable":true,"href":"https:\/\/www.unifan.edu.br\/unifan\/remanso\/wp-json\/wp\/v2\/users\/2"}],"replies":[{"embeddable":true,"href":"https:\/\/www.unifan.edu.br\/unifan\/remanso\/wp-json\/wp\/v2\/comments?post=70"}],"version-history":[{"count":14,"href":"https:\/\/www.unifan.edu.br\/unifan\/remanso\/wp-json\/wp\/v2\/pages\/70\/revisions"}],"predecessor-version":[{"id":918,"href":"https:\/\/www.unifan.edu.br\/unifan\/remanso\/wp-json\/wp\/v2\/pages\/70\/revisions\/918"}],"up":[{"embeddable":true,"href":"https:\/\/www.unifan.edu.br\/unifan\/remanso\/wp-json\/wp\/v2\/pages\/54"}],"wp:featuredmedia":[{"embeddable":true,"href":"https:\/\/www.unifan.edu.br\/unifan\/remanso\/wp-json\/wp\/v2\/media\/73"}],"wp:attachment":[{"href":"https:\/\/www.unifan.edu.br\/unifan\/remanso\/wp-json\/wp\/v2\/media?parent=70"}],"curies":[{"name":"wp","href":"https:\/\/api.w.org\/{rel}","templated":true}]}}